is divided by 124?
53
Suppose -2*c + 5*b - 11 = 0, -b + 1 - 6 = -4*c. Let o = 439430 - 439402. What is the remainder when o is divided by -24*(10/(-4) + c)?
4
Suppose -11*b + 19 = 8. Suppose -2*h - b = 5, 5*q = -h + 27. Let s(n) = -n**2 + 11*n - 6. What is the remainder when s(7) is divided by q?
4
Suppose 57 = 6*a + 3. Let j = 43 + -19. Suppose 7 = -y + j. Calculate the remainder when y is divided by a.
8
Suppose 4*q + 146 = 5*i, -2*i = -3*q + 7*q + 160. Let m = -41 - q. What is the remainder when m + -3 + 780/5 is divided by 38?
37
Suppose -45355 = -5*z + 5*o, -5*z + z - 4*o + 36292 = 0. What is the remainder when z/360*40/6 is divided by 51?
15
Let o be 72/96 - (9/(-4) + 1). Let s(i) = -i - o*i**3 + 7*i**2 + 2 + 7*i - 7*i + i**3. Calculate the remainder when s(5) is divided by 13.
8
Suppose 0 = -9*r + 7 + 47. Suppose -r = -t - 2. Suppose -291 = -5*b + t*f, 3*b - f - 174 = 2*f. What is the remainder when b is divided by 12?
11
Let m(w) = 52*w + 78. Let g be m(-4). Let x = -68 - g. What is the remainder when 804 is divided by x?
60
Suppose -4*p - 5*a + 1 = 5, -p + 14 = 5*a. Let b = -6 - p. Suppose 2*f + 118 = 5*m - b*f, -2*m + 3*f + 45 = 0. What is the remainder when 47 is divided by m?
23
Let i be 1*(125 + 0/3). Suppose -16*o = i - 365. Calculate the remainder when 40 is divided by o.
10
Let w(z) = 16 - 5*z**2 + 24 - 53 + 6*z + 20. Let u be w(5). Let o = -85 - u. What is the remainder when 11 is divided by o?
2
What is the remainder when (0 + (-4)/(-16))/(7/1652) is divided by 87/6 - (-9)/6?
11
Let f = 202 - 177. Calculate the remainder when 66 is divided by (-2)/((-4)/(-50))*(-15)/f.
6
Let p be 3/(-3)*(-430 + 3). Suppose -7*y + 28 = -p. Calculate the remainder when 138 is divided by y.
8
Suppose -3*u - 40*c + 1236 = -38*c, -5*u = 4*c - 2058. Calculate the remainder when u is divided by 60.
54
Suppose 20*k = 3*y + 18*k - 618, y = 5*k + 219. Let w = -131 + y. Calculate the remainder when w is divided by 15.
13
Let j = 23 + -46. Calculate the remainder when (-897)/j + 21/(-3) is divided by 11.
10
Suppose -5*k + 34 = 2*y - 37, 5*y - 140 = -5*k. Suppose -1620 = 69*h - 40*h - 47*h. Calculate the remainder when h is divided by y.
21
Let u be 83 - 90 - -11*1. Suppose -u*j - 167 = -5*y, -180*y + 181*y - 4*j - 27 = 0. What is the remainder when 627 is divided by y?
32
Suppose 497 = 65*u - 283. Let v be (-3)/(-2)*8/6. Suppose -7*i = -2*i - 4*a + 5, -v*i - a + 11 = 0. Calculate the remainder when u is divided by i.
0
Suppose 295 = -10643*y + 10648*y. Calculate the remainder when y is divided by 4/(-6) - (-46)/6.
3
Calculate the remainder when (46 + 14 + -39)*(-1 + 6) is divided by 3.
0
Let n(k) = k**2 + 24*k - 127. Calculate the remainder when 33 is divided by n(5).
15
Suppose -3*n - 130 = -5*f, -6*n = 2*f - 4*n - 68. Let c = -25 + f. What is the remainder when 6 is divided by c?
2
Let v = 5 + 3. Suppose 0 = -v*n + 117 + 107. Suppose -3*i + 106 = -0*i + r, i + 4*r - n = 0. Calculate the remainder when i is divided by 10.
6
What is the remainder when 264 is divided by ((-5)/(-2))/(((-17)/(-255))/(2/5))?
9
Suppose 5*u + 914 = 6*z, 9 = u + 7. Calculate the remainder when z is divided by 66.
22
Let r = -115 - -106. Let l(i) = -7*i - 14. Calculate the remainder when 154 is divided by l(r).
7
Suppose -q - 4*c = -57, c + 4*c = -q + 56. What is the remainder when 2866 is divided by q?
60
Let q(p) = p**2 + 22*p + 301. Suppose -x - 5*l + 2*l = -66, 0 = -4*x + 5*l + 247. Calculate the remainder when q(-19) is divided by x.
55
Suppose -5*v - 16 = -2*l, -l = 5*v + 7 - 0. Let x = -155 + 196. Calculate the remainder when x is divided by l.
2
Let i = -180 + 99. Let h = -78 - i. What is the remainder when (-38)/(-4)*(-1 - -3) is divided by h?
1
Let n(s) = -s**3 - s**2 - 3*s - 3. Let p = 177 + -181. What is the remainder when n(p) is divided by 12?
9
Let t(d) be the first derivative of -16*d**2 - 70*d - 58. What is the remainder when t(-5) is divided by 48?
42
Let q = 511 - 898. Let k = q - -806. What is the remainder when k is divided by 42?
41
Let x(i) = 3*i + 5. Let q be x(1). Suppose -6*b = -q*b + 84. What is the remainder when b is divided by 13?
3
Let o = 3327 + -3207. What is the remainder when 4799 is divided by o?
119
Let t = -1524 + 5617. What is the remainder when t is divided by 105?
103
Let t = -699 + 725. Suppose -t*j = 31*j - 3306. Calculate the remainder when j is divided by 18.
4
Let b be 111*(-6)/(-18) + 2. Let o = b - -116. What is the remainder when o is divided by 40?
35
Suppose h - 328 = 4*z + 150, -2*h - 2*z + 976 = 0. Let r be h/(-14) - (-4)/(-14). What is the remainder when (-231)/r + (-2)/(-5) is divided by 4?
3
Let m = 6990 + -5688. Calculate the remainder when m is divided by 17.
10
Let u = 1014 + -400. Let c = 616 - u. What is the remainder when 137 is divided by c?
1
Suppose 2*a = -l + 1, 4*a = -5*l + l. Let y(i) = -36*i**3 + 4*i**2 + 3*i + 2. What is the remainder when y(l) is divided by 2*1*(-210)/(-28)?
9
Suppose -7*n + 11042 = -3*d, -3*d + 1573 = -5*n + 9461. What is the remainder when n is divided by 75?
2
Suppose 0*t = -3*t. Suppose -3*u + 0 + 12 = t. What is the remainder when ((-164 - -173) + 98/(-10))/(2/(-35)) is divided by u?
2
Suppose 2*x - 4964 + 2837 = 14257. What is the remainder when x is divided by 20?
12
Suppose -5*s = -9*s + 8, -c = -4*s - 26. Suppose -77 = -4*v + 11. What is the remainder when c is divided by v?
12
Let d be (6/(-9))/(2/(-6)). Let n = d - 29. What is the remainder when 3 is divided by (-75)/n - 10/(-45)?
0
Let v = -6074 - -6098. Calculate the remainder when 53 is divided by v.
5
Suppose q + 5*k - 16 = 0, 7*k - 5*k - 46 = 4*q. Suppose 0 = 10*g - 45 + 15. What is the remainder when g is divided by (6/q)/((-2)/9)?
0
Let i be 248 + 10 - ((4 - 4) + 6). Suppose 4*l - 601 = -5*x, -i = -2*l - 2*x + 46. What is the remainder when l is divided by 38?
30
Let z = -46 - -48. Suppose 2*s - 5*x = 39, 0*s - 2*s + z*x = -30. Suppose 7*y + 60 = s*y. What is the remainder when 22 is divided by y?
10
Suppose 5*b + 884 = b. Let x = b + 254. What is the remainder when 94 is divided by x?
28
Let t be (9/6)/3*829*2. Suppose 52*j - 107 = t. Suppose 4*y = 5*h + 23, -5*h = 3*y - 8*y + 30. Calculate the remainder when j is divided by y.
4
Suppose 588*n - 400*n = 286*n - 48118. What is the remainder when n is divided by 69?
8
Let j be ((-9)/12 + 9/12)/(-2). Suppose j = -2*z + 68 + 76. Let t(y) = 2*y**2 - y + 4. Calculate the remainder when z is divided by t(3).
15
Let k(d) = 1440*d - 99. Let z(b) = 72*b - 5. Let w(h) = 4*k(h) - 81*z(h). Suppose 4*q - 10 - 42 = 0. Calculate the remainder when w(-2) is divided by q.
10
Let v(t) = -t**3 - 7*t**2 + 18*t + 4. Let k be -6*((-96)/9)/(-4). Let a be (k + -2)/(2/1). What is the remainder when 31 is divided by v(a)?
3
Suppose 4*p + r = 241, -4*r - 157 = -0*p - 3*p. Suppose -13*n - 20 + p = 0. What is the remainder when 26 is divided by n?
2
Let q = -47 + 77. Let h = 44 - q. Suppose 3*w + 6 = r, 4*r + 3*w - h = 40. Calculate the remainder when 56 is divided by r.
8
Let y(j) = j**3 - 5*j**2 - 5*j + 5. Let m be y(6). Suppose -7993 + 1657 = 22*d. What is the remainder when 71 is divided by (2/4)/(((-88)/d)/m)?
17
What is the remainder when 134 is divided by 1404/48 + (-52)/16?
4
Suppose 3*s - 90 = -3*q, -2*q + 7*q - 185 = 2*s. Suppose -614*n - 495 = -14702 - 2371. What is the remainder when q is divided by n?
8
Suppose -4*u = -0*u - 92. Let n = 3 - 18. Let o = n + u. Calculate the remainder when 45 is divided by o.
5
Let t = 12012 - 11960. Calculate the remainder when 508 is divided by t.
40
Suppose 16*f = 8*f + 312. Suppose -24*q = f*q - 1008. What is the remainder when 30 is divided by q?
14
Suppose -2*n = 5*r - 7*n - 230, 3*r + 2*n = 118. Let b(u) = -41*u + 1. What is the remainder when b(-2) is divided by r?
41
What is the remainder when 503440/372*(-1)/(-4) - 10/(-6) is divided by 18?
16
Suppose 5*h + 38 = -4*u, 11*u - 7*u - 22 = h. Let j(b) = 2*b + 5. What is the remainder when 46 - (h - (-9 + 3)) is divided by j(4)?
11
Let u = 31552 - 30450. What is the remainder when u is divided by 85?
82
Suppose 14*t + 35*t + 15958 = 128*t. Calculate the remainder when t is divided by 20.
2
Let j = 41 - 76. Let g = j + 83. Let i = g + -29. What is the remainder when 94 is divided by i?
18
Suppose -12